at is the millions digit of 192236729?
2
What is the hundred thousands digit of 1585882351?
8
What is the ten thousands digit of 54439838?
3
What is the ten millions digit of 3847986474?
4
What is the ten thousands digit of 2922445339?
4
What is the units digit of 152927063?
3
What is the hundreds digit of 76359642?
6
What is the units digit of 65661115?
5
What is the hundreds digit of 70860227?
2
What is the thousands digit of 101065479?
5
What is the tens digit of 9849171?
7
What is the tens digit of 99784786?
8
What is the units digit of 86496440?
0
What is the tens digit of 274883352?
5
What is the tens digit of 10182037?
3
What is the hundred millions digit of 1595199434?
5
What is the tens digit of 96766071?
7
What is the thousands digit of 713284531?
4
What is the hundred thousands digit of 8827688?
8
What is the hundred thousands digit of 840062580?
0
What is the thousands digit of 720026262?
6
What is the hundred thousands digit of 14892710?
8
What is the hundred millions digit of 1148246971?
1
What is the ten millions digit of 1853559691?
5
What is the thousands digit of 39371188?
1
What is the thousands digit of 2332829?
2
What is the hundred thousands digit of 3855045221?
0
What is the ten millions digit of 72682623?
7
What is the hundred millions digit of 344639081?
3
What is the ten millions digit of 43833687?
4
What is the hundred thousands digit of 7561652062?
6
What is the tens digit of 16969375?
7
What is the thousands digit of 3039999843?
9
What is the hundreds digit of 86811752?
7
What is the tens digit of 79380622?
2
What is the ten thousands digit of 635406860?
0
What is the hundreds digit of 299070016?
0
What is the units digit of 64711362?
2
What is the millions digit of 7780555?
7
What is the ten thousands digit of 2305706627?
0
What is the ten millions digit of 52342578?
5
What is the units digit of 46826753?
3
What is the hundred thousands digit of 4650667789?
6
What is the tens digit of 3191091?
9
What is the hundreds digit of 442697848?
8
What is the hundred thousands digit of 86680189?
6
What is the ten thousands digit of 882358128?
5
What is the thousands digit of 23089852?
9
What is the millions digit of 55172226?
5
What is the units digit of 3364585553?
3
What is the millions digit of 743373206?
3
What is the units digit of 1794547634?
4
What is the millions digit of 51088665?
1
What is the hundreds digit of 170951189?
1
What is the hundreds digit of 288303649?
6
What is the hundreds digit of 1552800988?
9
What is the units digit of 4366361225?
5
What is the hundreds digit of 5089305?
3
What is the hundred thousands digit of 176241973?
2
What is the thousands digit of 103977267?
7
What is the millions digit of 186438332?
6
What is the hundred thousands digit of 1308302104?
3
What is the tens digit of 91849015?
1
What is the hundred thousands digit of 52814447?
8
What is the ten thousands digit of 249203953?
0
What is the thousands digit of 1196537061?
7
What is the tens digit of 33037617?
1
What is the billions digit of 1767577278?
1
What is the hundred thousands digit of 164504820?
5
What is the hundred millions digit of 217969080?
2
What is the units digit of 1015744319?
9
What is the ten thousands digit of 1051551721?
5
What is the units digit of 91602143?
3
What is the hundred millions digit of 521104635?
5
What is the thousands digit of 63322751?
2
What is the ten millions digit of 154225680?
5
What is the hundred millions digit of 2648553038?
6
What is the hundred thousands digit of 258066508?
0
What is the tens digit of 75762068?
6
What is the hundreds digit of 47482255?
2
What is the hundred thousands digit of 1428655959?
6
What is the ten millions digit of 88163011?
8
What is the hundreds digit of 194466807?
8
What is the thousands digit of 310755802?
5
What is the millions digit of 43285070?
3
What is the ten millions digit of 359724385?
5
What is the thousands digit of 579421772?
1
What is the ten millions digit of 812372789?
1
What is the hundred millions digit of 3670874891?
6
What is the tens digit of 96208281?
8
What is the hundreds digit of 2316586120?
1
What is the units digit of 1719234083?
3
What is the ten millions digit of 2581723145?
8
What is the tens digit of 12064099?
9
What is the ten millions digit of 42105676?
4
What is the ten thousands digit of 30179238?
7
What is the thousands digit of 66766521?
6
What is the hundred thousands digit of 99011088?
0
What is the hundred thousands digit of 753043414?
0
What is the tens digit of 752788990?
9
What is the thousands digit of 69402381?
2
What is the hundreds digit of 265041626?
6
What is the tens digit of 19258970?
7
What is the tens digit of 85706671?
7
What is the tens digit of 467341512?
1
What is the hundred thousands digit of 148060920?
0
What is the millions digit of 42434246?
2
What is the hundreds digit of 502647052?
0
What is the tens digit of 1432578734?
3
What is the hundreds digit of 324147292?
2
What is the millions digit of 365885961?
5
What is the hundred thousands digit of 26506778?
5
What is the thousands digit of 977578895?
8
What is the hundreds digit of 528626966?
9
What is the hundred millions digit of 735611008?
7
What is the ten millions digit of 11742481?
1
What is the ten thousands digit of 38319795?
1
What is the tens digit of 18629979?
7
What is the billions digit of 3863955618?
3
What is the thousands digit of 837635499?
5
What is the ten millions digit of 422958532?
2
What is the ten thousands digit of 275484118?
8
What is the hundreds digit of 46080542?
5
What is the millions digit of 7278159223?
8
What is the ten thousands digit of 1398189655?
8
What is the ten thousands digit of 152096063?
9
What is the ten thousands digit of 47469541?
6
What is the units digit of 183317231?
1
What is the ten thousands digit of 400869979?
6
What is the thousands digit of 9230771?
0
What is the ten thousands digit of 41402978?
0
What is the hundreds digit of 12119650?
6
What is the ten thousands digit of 765665126?
6
What is the millions digit of 5307852507?
7
What is the hundreds digit of 1277909029?
0
What is the ten thousands digit of 6410309123?
0
What is the ten millions digit of 3655547717?
5
What is the hundreds digit of 3157361002?
0
What is the hundred thousands digit of 296640795?
6
What is the units digit of 355225049?
9
What is the hundred thousands digit of 192321344?
3
What is the units digit of 156556437?
7
What is the hundred thousands digit of 296214542?
2
What is the millions digit of 376452130?
6
What is the ten millions digit of 60271881?
6
What is the tens digit of 3118371637?
3
What is the units digit of 237238883?
3
What is the units digit of 163947196?
6
What is the units digit of 236263042?
2
What is the thousands digit of 843316628?
6
What is the tens digit of 96247968?
6
What is the millions digit of 25772716?
5
What is the thousands digit of 3569345757?
5
What is the hundreds digit of 111705924?
9
What is the hundred thousands digit of 341296899?
2
What is the ten millions digit of 82803332?
8
What is the tens digit of 464563746?
4
What is the hundred thousands digit of 2632088877?
0
What is the hundred millions digit of 1183652541?
1
What is the ten thousands digit of 219598941?
9
What is the hundred millions digit of 267824563?
2
What is the ten thousands digit of 2306827470?
2
What is the ten millions digit of 601565985?
0
What is the ten thousands digit of 971902849?
0
What is the ten thousands digit of 298145022?
4
What is the hundreds digit of 2295173832?
8
What is the hundreds digit of 4991836132?
1
What is the ten millions digit of 3796100487?
9
What is the ten millions digit of 18482598?
1
What is the ten millions digit of 70115309?
7
What is the hundreds digit of 5412529?
5
What is the thousands digit of 17554227?
4
What is the millions digit of 133464923?
3
What is the units digit of 390275970?
0
What is the ten thousands digit of 61626446?
2
What is the hundred thousands digit of 56617179?
6
What is the hundreds digit of 58711329?
3
What is the hundred thousands digit of 1075922690?
9
What is the tens digit of 75204971?
7
What is the thousands digit of 1617762085?
2
What is the thousands digit of 294347522?
7
What is the hundred thousands digit of 660778226?
7
What is the hundred t